Suppose -246 = 138*f - 135*f. Suppose 3*c + 401 = -253. Let b = f - c. Calculate the greatest common divisor of 34 and b.
34
Let a(y) = -715*y + 90890. Let b be a(126). Let p = 125 + -75. Calculate the greatest common factor of b and p.
50
Suppose 5*z = v - 20, 3*v - 4*z = 23 + 4. Suppose v*j = 437 + 63. What is the greatest common factor of 4 and j?
4
Let g be 2250/(-15)*-2*6/24. Suppose -5*j + 256 = -3*q, 0 = 3*j + 5*q - 124 - 16. Calculate the highest common factor of g and j.
25
Suppose -14101*l + 14085*l = -7402 - 1398. Let z = 13 - -9. Calculate the greatest common factor of l and z.
22
Suppose 0 = 4*r + 4*t - 10496, -6*t - 13106 = -5*r - 4*t. What is the highest common factor of r and 12?
6
Let y = -2429 + 2450. Let a(c) = c**3 + 4*c**2 + 2*c - 1. Let n = 4 + -6. Let t be a(n). Calculate the highest common divisor of t and y.
3
Suppose 0 = l - 13 + 49. Let p = -7 + 73. Let r = p + l. What is the greatest common factor of 45 and r?
15
Suppose 21*o - 15*o - 8*o = -2. Suppose 5*c = 1 + 9. Suppose -2*g = -3*g + c. Calculate the highest common divisor of o and g.
1
Suppose -2*r + c + 13 = -0*c, -3*r - 5*c = 13. Suppose 0 = -r*g - 7*g + 627. Calculate the greatest common factor of 3 and g.
3
Suppose 134 = 4*n + 3*j + 14, 0 = -2*n + 4*j + 82. What is the greatest common factor of n and 4939?
11
Let c(w) = -2*w**2 - 49*w + 96. Let a be c(-28). Let s be (a/60)/((-1)/3). Calculate the greatest common divisor of s and 265.
5
Suppose 1059*i - 1094*i = -665. Let d(k) = -k**2 + 6*k - 3. Let r be d(5). Let w be 1/r*2 + 94. Calculate the greatest common factor of i and w.
19
Let f(m) = -128*m**3 + 1. Let o be f(-1). Suppose 111 - o = -9*z. What is the highest common divisor of z and 10?
2
Suppose -20*d - 4*c = -24*d + 4, 4*c = d + 11. Suppose -2*w + 7 + 23 = -4*i, 2*i = 0. What is the highest common factor of w and d?
5
Let r = 3536 + -2953. What is the greatest common divisor of r and 371?
53
Suppose 0*x + x = 105. Let f(q) = q**3 - 30*q**2 - 29*q - 46. Let u be f(31). Let h be (u + -3)*1 + 8. Calculate the highest common factor of x and h.
21
Let t(p) = -518*p + 1467. Let g be t(0). Calculate the highest common divisor of g and 45.
9
Suppose -2*f = -3*v + 27, -232*f + 227*f - 40 = -5*v. Let k(j) = 4*j + 5 - 6 + 5. Let t be k(10). Calculate the greatest common divisor of t and v.
11
Suppose 28*y - 232 - 104 = 0. What is the highest common factor of y and 4584?
12
Suppose -21381 = -21*h + 17*h - 5*v, 0 = -h + 3*v + 5307. Calculate the highest common factor of h and 294.
42
Let x = -3822 - -3915. What is the greatest common factor of x and 62?
31
Suppose 269 = -5*p - 56. Suppose 3 = 3*y, -321 = 4*x + y - 2*y. Let s = p - x. Calculate the greatest common divisor of s and 9.
3
Suppose -390 = -40*w + 5810. What is the greatest common divisor of 310 and w?
155
Suppose -153*a - 1126 = -180*a + 3815. What is the greatest common divisor of 5307 and a?
183
Let i be ((-104)/20)/((-1)/5). Suppose -3*t + 275 = 2*z, 3*t - z = -136 + 408. What is the highest common divisor of i and t?
13
Let a = -3122 + 3128. What is the highest common divisor of 18 and a?
6
Suppose -7*x - 187 = -8*x. Let n = -65 + x. Suppose 24 - n = -7*t. What is the highest common factor of t and 35?
7
Suppose -162 + 732 = 15*k. Calculate the greatest common divisor of 32566 and k.
38
Let u be (-5)/((3/25)/3). Let v = u - -190. What is the highest common factor of 5 and v?
5
Suppose -2*x = x - 840. Let p = x - -95. Calculate the greatest common divisor of p and 15.
15
Let z(q) = -5594*q - 411. Let d be z(-1). What is the highest common divisor of 142 and d?
71
Let c be (-6)/21 + ((-611)/(-7) - 1). Calculate the highest common divisor of c and 387.
43
Suppose -s = 9*z - 458, -2*z + 122 = -4*s + 16. Calculate the highest common factor of 66 and z.
3
Let c be 1*13/(-39)*66/2. Let h(i) = -i**2 - 8*i + 98. Let s be h(c). Calculate the highest common divisor of s and 52.
13
Let c(o) = 4*o - 87. Let u be c(28). Suppose -u*d + 1131 = 4*d. What is the highest common divisor of 6 and d?
3
Suppose 31260 = 56*d - 54*d + 3*b, -8 = -b. What is the highest common divisor of 171 and d?
57
Let d(q) = q**2 - 5*q + 6. Let w be d(6). Let m be 260/(-104)*((-252)/15)/2. What is the highest common factor of m and w?
3
Let j be 1*6/18*873. What is the greatest common divisor of 12 and j?
3
Let d be (-20)/15 + 6285/9. What is the greatest common divisor of d and 246?
41
Suppose 3124 = q - l, -33*l = -q - 29*l + 3148. What is the highest common divisor of 451 and q?
41
Let q(g) = 96*g + 6888. Let x be q(-71). Calculate the greatest common factor of 7308 and x.
36
Let g be -14*(-2 + (-6)/(-4) - 0) - -83. Let i(p) = -p + 6. Let b be i(-9). Calculate the greatest common divisor of b and g.
15
Suppose -68*a - 313 = -1224 - 109. Suppose 5*f + 1 = -2*p, -2*p = -f - 0*f - 5. What is the greatest common divisor of p and a?
1
Let n = 4256 + -3551. Calculate the greatest common divisor of 20 and n.
5
Let v be (-16)/3*9/(-2). Let i = v - 3. Let k be -22 + (969/15 - 6/10). Calculate the highest common divisor of i and k.
21
Let t = 20 + 1. Let b be (-1)/7 + 213/t. Suppose -5*a + 5*l = 0, -4*l + 6 = -b. What is the highest common divisor of 1 and a?
1
Let l(y) = 3794*y + 4037. Let u be l(2). Calculate the highest common factor of u and 93.
93
Let n = 422 - 408. Suppose -d = -6*a + 8*a - n, 2*d + 2*a = 26. What is the highest common divisor of d and 258?
6
Suppose -2*u + 4*u + 8 = 0. Let f(t) = 15*t - 12 - 2 - 21*t - 15*t. Let w be f(u). What is the highest common factor of 105 and w?
35
Suppose 656*w - 240 = 646*w. Calculate the greatest common factor of w and 22488.
24
Suppose -152*l - 8*l + 2776 = -264. Calculate the highest common divisor of 10051 and l.
19
Let n(h) = -h**3 + 2*h**2 - 4. Let y be n(2). Let m = y - -7. Suppose -6 = -2*z, z = u + m*z - 104. Calculate the highest common factor of 14 and u.
14
Let s(k) = -k**2 + 151*k - 2898. Let p be s(25). Calculate the highest common factor of p and 2331.
63
Let a(f) = 12*f**2 - 8*f - 48. Let n be a(15). Suppose 8*r - n = 884. What is the highest common divisor of r and 122?
61
Let z(w) = 3*w**2 - 8*w + 42. Let h(i) = -i**2 + 8*i + 13. Let t be h(9). Let p be z(t). What is the greatest common factor of p and 406?
58
Let p(z) = -16*z. Let y be p(-1). Let u = y + 2. Suppose 0 = -28*g - 123*g + 8154. What is the highest common divisor of u and g?
18
Suppose 16*j - 28*j = -2460. What is the greatest common divisor of j and 40?
5
Let z(s) = s**2 - 11*s - 51. Let i be z(-14). Calculate the greatest common factor of i and 368.
23
Let i(j) = -2*j**2 + 17*j - 17. Let y be i(7). Suppose y*a + 4 = -0. Let w be -1 + -1 + 31 + a + -1. Calculate the greatest common divisor of 36 and w.
9
Suppose -2*b = -5*z - 510, 5*z - 684 + 154 = -2*b. Let p be (-12)/2 + b - -5. Calculate the greatest common factor of 37 and p.
37
Let n = 34 + -7. Let y = -31 + 31. Let z(a) = -a**3 + a**2 - 3*a + 243. Let p be z(y). What is the highest common factor of n and p?
27
Let o(c) = -74*c + 3880. Let p be o(-59). What is the greatest common factor of 124 and p?
62
Let d(q) = -465*q + 2407. Let p be d(5). What is the greatest common factor of p and 8774?
82
Suppose -46*c + 40*c = -426. Suppose -c - 115 = -6*n. Calculate the highest common divisor of 341 and n.
31
Let l = -5837 - -6616. Calculate the greatest common factor of 41 and l.
41
Let d(h) = -2098*h + 437. Let v be d(-1). What is the highest common factor of v and 169?
169
Let v be (950/90)/((-26)/(-23634)). Calculate the greatest common factor of 95 and v.
95
Let l be (168084/690)/(2*3/40). What is the greatest common factor of l and 8?
8
Suppose -23*c = -26*c - 3. Let s = 5 + c. Suppose s*l = 13 - 5. What is the highest common divisor of 1 and l?
1
Let i be 1/((-27)/(-3) + -10) + 5600. Calculate the greatest common factor of i and 44.
11
Suppose 3*p - 137 = -4*g, -3*g + p + 103 = 3*p. Let c(x) = 91*x. Let j be c(5). What is the highest common factor of j and g?
35
Suppose 5*c = 2*b + 2222, -96*c = -100*c - 4*b + 1744. Calculate the greatest common factor of c and 3264.
34
Let t be 5/25 - (-9957)/15. Let x = -549 + t. Suppose 236 = 5*z + 3*q, 0*z - 2*z + 94 = q. Calculate the greatest common divisor of x and z.
23
Suppose 131*a = 137*a - 192. Suppose -36*b 